{"id":97720,"date":"2024-07-02T17:17:18","date_gmt":"2024-07-02T15:17:18","guid":{"rendered":"https:\/\/b2b.pfellas.lt\/index.php\/product\/priekinio-bamperio-performance-groteles-bmw-x3-g01-x4-g02-iki-2021metu-juodos-blizgios\/"},"modified":"2024-09-25T15:36:09","modified_gmt":"2024-09-25T13:36:09","slug":"priekinio-bamperio-performance-groteles-bmw-x3-g01-x4-g02-iki-2021metu-juodos-blizgios","status":"publish","type":"product","link":"https:\/\/b2b.pfellas.lt\/index.php\/product\/priekinio-bamperio-performance-groteles-bmw-x3-g01-x4-g02-iki-2021metu-juodos-blizgios\/","title":{"rendered":"Priekinio bamperio performance grotel\u0117s BMW X3 G01, X4 G02 iki 2021met\u0173 juodos blizgios"},"content":{"rendered":"<p>Performance Juodi Blizgios priekinio buferio grotel\u0117s<\/p>\n<p>Tinka BMW X3 G01 modeliams pagamintiems iki 2021 met\u0173<br \/>\nTinka BMW X4 G02 modeliams pagamintiems iki 2021 met\u0173<\/p>\n<p>Netinka X3 G01 ir X4 G02 Facelift modeliams pagamintiems po 2021 met\u0173<\/p>\n<p>Tinka visiems buferiams<\/p>\n","protected":false},"excerpt":{"rendered":"<p>Performance Juodi Blizgios priekinio buferio grotel\u0117s Tinka BMW X3 G01 modeliams pagamintiems iki 2021 met\u0173 Tinka BMW X4 G02 modeliams pagamintiems iki 2021 met\u0173 Netinka X3 G01 ir X4 G02 Facelift modeliams pagamintiems po 2021 met\u0173 Tinka visiems buferiams<\/p>\n","protected":false},"featured_media":97718,"comment_status":"open","ping_status":"closed","template":"","meta":[],"product_cat":[2954,2935,2973,2971],"product_tag":[],"class_list":{"0":"post-97720","1":"product","2":"type-product","3":"status-publish","4":"has-post-thumbnail","6":"product_cat-bmw","7":"product_cat-priekinio-bamperio-groteles","8":"product_cat-x3-g01-17","9":"product_cat-x4-g02-18","10":"pa_make-bmw","11":"pa_make-x3-g01","12":"pa_make-x4-g02","14":"first","15":"instock","16":"taxable","17":"shipping-taxable","18":"purchasable","19":"product-type-simple"},"jetpack_sharing_enabled":true,"_links":{"self":[{"href":"https:\/\/b2b.pfellas.lt\/index.php\/wp-json\/wp\/v2\/product\/97720"}],"collection":[{"href":"https:\/\/b2b.pfellas.lt\/index.php\/wp-json\/wp\/v2\/product"}],"about":[{"href":"https:\/\/b2b.pfellas.lt\/index.php\/wp-json\/wp\/v2\/types\/product"}],"replies":[{"embeddable":true,"href":"https:\/\/b2b.pfellas.lt\/index.php\/wp-json\/wp\/v2\/comments?post=97720"}],"wp:featuredmedia":[{"embeddable":true,"href":"https:\/\/b2b.pfellas.lt\/index.php\/wp-json\/wp\/v2\/media\/97718"}],"wp:attachment":[{"href":"https:\/\/b2b.pfellas.lt\/index.php\/wp-json\/wp\/v2\/media?parent=97720"}],"wp:term":[{"taxonomy":"product_cat","embeddable":true,"href":"https:\/\/b2b.pfellas.lt\/index.php\/wp-json\/wp\/v2\/product_cat?post=97720"},{"taxonomy":"product_tag","embeddable":true,"href":"https:\/\/b2b.pfellas.lt\/index.php\/wp-json\/wp\/v2\/product_tag?post=97720"}],"curies":[{"name":"wp","href":"https:\/\/api.w.org\/{rel}","templated":true}]}}