{"id":97766,"date":"2024-07-04T11:32:47","date_gmt":"2024-07-04T09:32:47","guid":{"rendered":"https:\/\/b2b.pfellas.lt\/index.php\/product\/veidrodeliu-gaubtai-performance-bmw-g20-g21-g30-g31-g11-g14-g15-juodi-blizgus\/"},"modified":"2024-09-25T15:36:31","modified_gmt":"2024-09-25T13:36:31","slug":"veidrodeliu-gaubtai-performance-bmw-g20-g21-g30-g31-g11-g14-g15-juodi-blizgus","status":"publish","type":"product","link":"https:\/\/b2b.pfellas.lt\/index.php\/product\/veidrodeliu-gaubtai-performance-bmw-g20-g21-g30-g31-g11-g14-g15-juodi-blizgus\/","title":{"rendered":"Veidrod\u0117li\u0173 gaubtai performance BMW G20 G21 G30 G31 G11 G14 G15 juodi blizg\u016bs"},"content":{"rendered":"<p>Beautiful, enhancing look.<br \/>\nHigh-quality workmanship.<br \/>\nNew and in the original packaging.<br \/>\nItem features of mirror caps for replacement gloss suitable for BMW G20 G21 G30 G31 G11 G14 G15<br \/>\nThe essential product features of<br \/>\nmirror caps for replacement gloss suitable for BMW G20 G21 G30 G31 G11 G14 G15<br \/>\nare:<br \/>\nOutside mirror caps<br \/>\nSport optics<br \/>\nBLACK GLOSSY<br \/>\n&#8211; 1 pair (for driver and passenger side).<br \/>\n&#8211; Replacement &#8211; are directly exchanged for the original mirror caps.<br \/>\n&#8211; Due to the high-quality workmanship and very good fit, the attachment is correspondingly easy.<br \/>\n&#8211; All brackets correspond to the original and can be attached to the original attachment points.<br \/>\n&#8211; The material is high-quality ABS plastic, similar to the original mirror caps.<br \/>\n&#8211; The mirror caps are already painted in glossy black.<br \/>\nTechnical details of mirror caps for Exchange gloss suitable for BMW G20 G21 G30 G31 G11 G14 G15 \/ suitable for<br \/>\nBMW 3er<br \/>\nType G20 \/ G21 LIMOUSINE \/ TOURING_X000D_ ABJ. 10 \/ 2017 BMW 5er<br \/>\nType G30 \/ G31 LIMOUSINE \/ Touring<br \/>\nFrom year 10 \/ 2015<br \/>\nBMW 5er GT type G32 Bj. 09\/2016-12 \/ 2019_ BMW 8er<br \/>\nG14 \/ G15 \/ G16 Cabrio \/ Coupe \/ Gran Coupe<br \/>\nBj. 10 \/ 2017-12 \/ 2019<br \/>\nBMW 7er<br \/>\nType G11<br \/>\nBj. 10 \/ 2014-01 \/ 2020<br \/>\nNot suitable for M3 and M5 !<\/p>\n","protected":false},"excerpt":{"rendered":"<p>Beautiful, enhancing look. High-quality workmanship. New and in the original packaging. Item features of mirror caps for replacement gloss suitable for BMW G20 G21 G30 G31 G11 G14 G15 The essential product features of mirror caps for replacement gloss suitable for BMW G20 G21 G30 G31 G11 G14 G15 are: Outside mirror caps Sport optics<\/p>\n<div class=\"klb-readmore button\"><a class=\"btn link\" href=\"https:\/\/b2b.pfellas.lt\/index.php\/product\/veidrodeliu-gaubtai-performance-bmw-g20-g21-g30-g31-g11-g14-g15-juodi-blizgus\/\">Read More <i class=\"klbth-icon-right-arrow\"><\/i><\/a><\/div>\n","protected":false},"featured_media":97759,"comment_status":"open","ping_status":"closed","template":"","meta":[],"product_cat":[2987,2961,2983,2963,2992,2954,2958],"product_tag":[],"class_list":{"0":"post-97766","1":"product","2":"type-product","3":"status-publish","4":"has-post-thumbnail","6":"product_cat-3-g20-g21-18","7":"product_cat-5-g30-g31-17","8":"product_cat-6gt-g32-17","9":"product_cat-7-g11-g12-15-22","10":"product_cat-8-g15-g16-19","11":"product_cat-bmw","12":"product_cat-veidrodeliu-gaubtai","13":"pa_make-3-g20-2","14":"pa_make-5-g30","15":"pa_make-7-g11","16":"pa_make-8-g15","17":"pa_make-bmw","19":"first","20":"instock","21":"taxable","22":"shipping-taxable","23":"purchasable","24":"product-type-simple"},"jetpack_sharing_enabled":true,"_links":{"self":[{"href":"https:\/\/b2b.pfellas.lt\/index.php\/wp-json\/wp\/v2\/product\/97766"}],"collection":[{"href":"https:\/\/b2b.pfellas.lt\/index.php\/wp-json\/wp\/v2\/product"}],"about":[{"href":"https:\/\/b2b.pfellas.lt\/index.php\/wp-json\/wp\/v2\/types\/product"}],"replies":[{"embeddable":true,"href":"https:\/\/b2b.pfellas.lt\/index.php\/wp-json\/wp\/v2\/comments?post=97766"}],"wp:featuredmedia":[{"embeddable":true,"href":"https:\/\/b2b.pfellas.lt\/index.php\/wp-json\/wp\/v2\/media\/97759"}],"wp:attachment":[{"href":"https:\/\/b2b.pfellas.lt\/index.php\/wp-json\/wp\/v2\/media?parent=97766"}],"wp:term":[{"taxonomy":"product_cat","embeddable":true,"href":"https:\/\/b2b.pfellas.lt\/index.php\/wp-json\/wp\/v2\/product_cat?post=97766"},{"taxonomy":"product_tag","embeddable":true,"href":"https:\/\/b2b.pfellas.lt\/index.php\/wp-json\/wp\/v2\/product_tag?post=97766"}],"curies":[{"name":"wp","href":"https:\/\/api.w.org\/{rel}","templated":true}]}}