{"id":97859,"date":"2024-07-04T17:26:44","date_gmt":"2024-07-04T15:26:44","guid":{"rendered":"https:\/\/b2b.pfellas.lt\/index.php\/product\/bagazines-apdaila-psm-look-bmw-5-f10-10-16-juoda-blizgi\/"},"modified":"2024-09-25T15:37:09","modified_gmt":"2024-09-25T13:37:09","slug":"bagazines-apdaila-psm-look-bmw-5-f10-10-16-juoda-blizgi","status":"publish","type":"product","link":"https:\/\/b2b.pfellas.lt\/index.php\/product\/bagazines-apdaila-psm-look-bmw-5-f10-10-16-juoda-blizgi\/","title":{"rendered":"Baga\u017ein\u0117s apdaila PSM look BMW 5 F10 10-16 juoda blizgi"},"content":{"rendered":"<ul>\n<li>Tinka visiems 5 Serijos BMW F10 ir F10 M5 modeliams<\/li>\n<li>Netinka 5 Serijos BMW F10 modeliams<\/li>\n<li>Spoileris pagamintas i\u0161 ABS Plastmas\u0117s. Geras tinkamumas<\/li>\n<li>Baga\u017ein\u0117s spoileris nuda\u017eytas juoda-blizgia spalva<\/li>\n<\/ul>\n<p>&nbsp;<\/p>\n<p>PSM Stiliaus Juodas blizgus baga\u017ein\u0117s spoileris<\/p>\n","protected":false},"excerpt":{"rendered":"<p>Tinka visiems 5 Serijos BMW F10 ir F10 M5 modeliams Netinka 5 Serijos BMW F10 modeliams Spoileris pagamintas i\u0161 ABS Plastmas\u0117s. Geras tinkamumas Baga\u017ein\u0117s spoileris nuda\u017eytas juoda-blizgia spalva &nbsp; PSM Stiliaus Juodas blizgus baga\u017ein\u0117s spoileris<\/p>\n","protected":false},"featured_media":97856,"comment_status":"open","ping_status":"closed","template":"","meta":[],"product_cat":[2956,2623,2954],"product_tag":[],"class_list":{"0":"post-97859","1":"product","2":"type-product","3":"status-publish","4":"has-post-thumbnail","6":"product_cat-5-f10-2010-2016","7":"product_cat-bagazines-apdailos","8":"product_cat-bmw","9":"pa_make-5-f10","10":"pa_make-bmw","12":"first","13":"instock","14":"sale","15":"taxable","16":"shipping-taxable","17":"purchasable","18":"product-type-simple"},"jetpack_sharing_enabled":true,"_links":{"self":[{"href":"https:\/\/b2b.pfellas.lt\/index.php\/wp-json\/wp\/v2\/product\/97859"}],"collection":[{"href":"https:\/\/b2b.pfellas.lt\/index.php\/wp-json\/wp\/v2\/product"}],"about":[{"href":"https:\/\/b2b.pfellas.lt\/index.php\/wp-json\/wp\/v2\/types\/product"}],"replies":[{"embeddable":true,"href":"https:\/\/b2b.pfellas.lt\/index.php\/wp-json\/wp\/v2\/comments?post=97859"}],"wp:featuredmedia":[{"embeddable":true,"href":"https:\/\/b2b.pfellas.lt\/index.php\/wp-json\/wp\/v2\/media\/97856"}],"wp:attachment":[{"href":"https:\/\/b2b.pfellas.lt\/index.php\/wp-json\/wp\/v2\/media?parent=97859"}],"wp:term":[{"taxonomy":"product_cat","embeddable":true,"href":"https:\/\/b2b.pfellas.lt\/index.php\/wp-json\/wp\/v2\/product_cat?post=97859"},{"taxonomy":"product_tag","embeddable":true,"href":"https:\/\/b2b.pfellas.lt\/index.php\/wp-json\/wp\/v2\/product_tag?post=97859"}],"curies":[{"name":"wp","href":"https:\/\/api.w.org\/{rel}","templated":true}]}}