{"id":97955,"date":"2024-07-05T16:54:48","date_gmt":"2024-07-05T14:54:48","guid":{"rendered":"https:\/\/b2b.pfellas.lt\/index.php\/product\/bmw-m5-f10-isvaizdos-bamperiu-komplektas-bmw-5-f10-modeliams\/"},"modified":"2024-09-25T15:37:54","modified_gmt":"2024-09-25T13:37:54","slug":"bmw-m5-f10-isvaizdos-bamperiu-komplektas-bmw-5-f10-modeliams","status":"publish","type":"product","link":"https:\/\/b2b.pfellas.lt\/index.php\/product\/bmw-m5-f10-isvaizdos-bamperiu-komplektas-bmw-5-f10-modeliams\/","title":{"rendered":"BMW M5 F10 i\u0161vaizdos bamperi\u0173 komplektas BMW 5 F10 modeliams"},"content":{"rendered":"<p>Su PDC Skyl\u0117mis. \u0160onin\u0117s grotel\u0117s be vietos prie\u0161r\u016bkiniams \u017eibintams.<\/p>\n<p>M5 Stiliaus priekinio ir galinio bamperio komplektas<\/p>\n<p>Priekinis buferis su pdc skyl\u0117mis. Su \u0161onin\u0117s grotel\u0117mis.<\/p>\n<p>\u00bb Tinka visiems 5 Serijos BMW F10, F11 modeliams<br \/>\n\u00bb Netinka 5 Serijos BMW F10 M5 modeliams<\/p>\n<p>Dugno apsaugos, posparniai tinka nuo paprasto buferio.<\/p>\n<p>Komplektacija:<br \/>\nPriekinis buferis ir galinis bamperis<\/p>\n<p>Technin\u0117 informacija:<br \/>\n\u2022 Pagamintas i\u0161 plastmas\u0117s<\/p>\n","protected":false},"excerpt":{"rendered":"<p>Su PDC Skyl\u0117mis. \u0160onin\u0117s grotel\u0117s be vietos prie\u0161r\u016bkiniams \u017eibintams. M5 Stiliaus priekinio ir galinio bamperio komplektas Priekinis buferis su pdc skyl\u0117mis. Su \u0161onin\u0117s grotel\u0117mis. \u00bb Tinka visiems 5 Serijos BMW F10, F11 modeliams \u00bb Netinka 5 Serijos BMW F10 M5 modeliams Dugno apsaugos, posparniai tinka nuo paprasto buferio. Komplektacija: Priekinis buferis ir galinis bamperis Technin\u0117<\/p>\n<div class=\"klb-readmore button\"><a class=\"btn link\" href=\"https:\/\/b2b.pfellas.lt\/index.php\/product\/bmw-m5-f10-isvaizdos-bamperiu-komplektas-bmw-5-f10-modeliams\/\">Read More <i class=\"klbth-icon-right-arrow\"><\/i><\/a><\/div>\n","protected":false},"featured_media":97951,"comment_status":"open","ping_status":"closed","template":"","meta":[],"product_cat":[2956,2954,2932],"product_tag":[],"class_list":{"0":"post-97955","1":"product","2":"type-product","3":"status-publish","4":"has-post-thumbnail","6":"product_cat-5-f10-2010-2016","7":"product_cat-bmw","8":"product_cat-bodykit","9":"pa_make-5-f10","10":"pa_make-bmw","12":"first","13":"instock","14":"sale","15":"taxable","16":"shipping-taxable","17":"purchasable","18":"product-type-simple"},"jetpack_sharing_enabled":true,"_links":{"self":[{"href":"https:\/\/b2b.pfellas.lt\/index.php\/wp-json\/wp\/v2\/product\/97955"}],"collection":[{"href":"https:\/\/b2b.pfellas.lt\/index.php\/wp-json\/wp\/v2\/product"}],"about":[{"href":"https:\/\/b2b.pfellas.lt\/index.php\/wp-json\/wp\/v2\/types\/product"}],"replies":[{"embeddable":true,"href":"https:\/\/b2b.pfellas.lt\/index.php\/wp-json\/wp\/v2\/comments?post=97955"}],"wp:featuredmedia":[{"embeddable":true,"href":"https:\/\/b2b.pfellas.lt\/index.php\/wp-json\/wp\/v2\/media\/97951"}],"wp:attachment":[{"href":"https:\/\/b2b.pfellas.lt\/index.php\/wp-json\/wp\/v2\/media?parent=97955"}],"wp:term":[{"taxonomy":"product_cat","embeddable":true,"href":"https:\/\/b2b.pfellas.lt\/index.php\/wp-json\/wp\/v2\/product_cat?post=97955"},{"taxonomy":"product_tag","embeddable":true,"href":"https:\/\/b2b.pfellas.lt\/index.php\/wp-json\/wp\/v2\/product_tag?post=97955"}],"curies":[{"name":"wp","href":"https:\/\/api.w.org\/{rel}","templated":true}]}}