{"id":97966,"date":"2024-07-05T16:55:02","date_gmt":"2024-07-05T14:55:02","guid":{"rendered":"https:\/\/b2b.pfellas.lt\/index.php\/product\/bmw-4-m-sport-apdailos-komplektas-bmw-f32-f33-428-430-modeliams-su-pdc-su-apiplovimu-be-slenksciu\/"},"modified":"2024-09-25T15:38:00","modified_gmt":"2024-09-25T13:38:00","slug":"bmw-4-m-sport-apdailos-komplektas-bmw-f32-f33-428-430-modeliams-su-pdc-su-apiplovimu-be-slenksciu","status":"publish","type":"product","link":"https:\/\/b2b.pfellas.lt\/index.php\/product\/bmw-4-m-sport-apdailos-komplektas-bmw-f32-f33-428-430-modeliams-su-pdc-su-apiplovimu-be-slenksciu\/","title":{"rendered":"BMW 4 M-Sport apdailos komplektas BMW F32, F33 428, 430 modeliams Su PDC, Su apiplovimu (be slenks\u010di\u0173)"},"content":{"rendered":"<p>M Sport apdailos komplektas<\/p>\n<p>Priekinis buferis:<br \/>\nSu parktronik\u0173 skyl\u0117mis ir laikikliais<br \/>\nSu skyl\u0117mis \u017eibint\u0173 apiplovimui ir dangteliais purk\u0161tukams<\/p>\n<p>Galinis buferis:<br \/>\nSu parktronik\u0173 skyl\u0117mis<br \/>\nSu M Sport galiniu difuzoriumi 428, 430 modeliams<\/p>\n<p>\u00bb Tinka 4 Serijos BMW F32 Coupe ir F33 Kabrioleto modeliams<\/p>\n<p>\u00bb Netinka 4 Serijos BMW F36 Gran Coupe modeliams (Skiriasi galinis buferis)<\/p>\n<p>\u0160\u012f komplekt\u0105 sudaro:<br \/>\n\u2022 Priekinio buferio komplektas su oro kanalais, apatin\u0117mis grotel\u0117mis, laikikliais<br \/>\n\u2022 Galinis buferis su difuzoriumi, at\u0161vaitais, laikikliu<\/p>\n<p>Prie\u0161r\u016bkini\u0173 \u017eibint\u0173 komplekte n\u0117ra. Tinka nuo paprasto priekinio buferio<\/p>\n","protected":false},"excerpt":{"rendered":"<p>M Sport apdailos komplektas Priekinis buferis: Su parktronik\u0173 skyl\u0117mis ir laikikliais Su skyl\u0117mis \u017eibint\u0173 apiplovimui ir dangteliais purk\u0161tukams Galinis buferis: Su parktronik\u0173 skyl\u0117mis Su M Sport galiniu difuzoriumi 428, 430 modeliams \u00bb Tinka 4 Serijos BMW F32 Coupe ir F33 Kabrioleto modeliams \u00bb Netinka 4 Serijos BMW F36 Gran Coupe modeliams (Skiriasi galinis buferis) \u0160\u012f<\/p>\n<div class=\"klb-readmore button\"><a class=\"btn link\" href=\"https:\/\/b2b.pfellas.lt\/index.php\/product\/bmw-4-m-sport-apdailos-komplektas-bmw-f32-f33-428-430-modeliams-su-pdc-su-apiplovimu-be-slenksciu\/\">Read More <i class=\"klbth-icon-right-arrow\"><\/i><\/a><\/div>\n","protected":false},"featured_media":97962,"comment_status":"open","ping_status":"closed","template":"","meta":[],"product_cat":[2986,2954,2932],"product_tag":[],"class_list":{"0":"post-97966","1":"product","2":"type-product","3":"status-publish","4":"has-post-thumbnail","6":"product_cat-4-f32-f33-f36-13-20","7":"product_cat-bmw","8":"product_cat-bodykit","9":"pa_make-4-f32-2","10":"pa_make-bmw","12":"first","13":"instock","14":"taxable","15":"shipping-taxable","16":"purchasable","17":"product-type-simple"},"jetpack_sharing_enabled":true,"_links":{"self":[{"href":"https:\/\/b2b.pfellas.lt\/index.php\/wp-json\/wp\/v2\/product\/97966"}],"collection":[{"href":"https:\/\/b2b.pfellas.lt\/index.php\/wp-json\/wp\/v2\/product"}],"about":[{"href":"https:\/\/b2b.pfellas.lt\/index.php\/wp-json\/wp\/v2\/types\/product"}],"replies":[{"embeddable":true,"href":"https:\/\/b2b.pfellas.lt\/index.php\/wp-json\/wp\/v2\/comments?post=97966"}],"wp:featuredmedia":[{"embeddable":true,"href":"https:\/\/b2b.pfellas.lt\/index.php\/wp-json\/wp\/v2\/media\/97962"}],"wp:attachment":[{"href":"https:\/\/b2b.pfellas.lt\/index.php\/wp-json\/wp\/v2\/media?parent=97966"}],"wp:term":[{"taxonomy":"product_cat","embeddable":true,"href":"https:\/\/b2b.pfellas.lt\/index.php\/wp-json\/wp\/v2\/product_cat?post=97966"},{"taxonomy":"product_tag","embeddable":true,"href":"https:\/\/b2b.pfellas.lt\/index.php\/wp-json\/wp\/v2\/product_tag?post=97966"}],"curies":[{"name":"wp","href":"https:\/\/api.w.org\/{rel}","templated":true}]}}