{"id":97974,"date":"2024-07-05T16:55:13","date_gmt":"2024-07-05T14:55:13","guid":{"rendered":"https:\/\/b2b.pfellas.lt\/index.php\/product\/lci-m-sport-apdailos-komplektas-bmw-g30-nuo-2020-05-lci-modeliams-be-slenksciu\/"},"modified":"2024-09-25T15:38:05","modified_gmt":"2024-09-25T13:38:05","slug":"lci-m-sport-apdailos-komplektas-bmw-g30-nuo-2020-05-lci-modeliams-be-slenksciu","status":"publish","type":"product","link":"https:\/\/b2b.pfellas.lt\/index.php\/product\/lci-m-sport-apdailos-komplektas-bmw-g30-nuo-2020-05-lci-modeliams-be-slenksciu\/","title":{"rendered":"LCI M Sport Apdailos komplektas BMW G30 (nuo 2020.05) LCI modeliams (be slenks\u010di\u0173"},"content":{"rendered":"<div id=\"description\" class=\"tab-pane in active\">\n<div class=\"product-description\">\n<div class=\"rte-content\">\n<p>M Sport apdailos komplektas skirtas Facelift modeliams (be slenks\u010di\u0173)<\/p>\n<p>\u00bb Tinka 5 Serijos BMW\u00a0G30 modeliams pagamintiems nuo 2020.05<br \/>\n\u00bb Netinka 5 Serijos BMW G31\u00a0Universalo modeliams<br \/>\n\u00bb Netinka 5 Serijos BMW G30\u00a0Pre Facelift\u00a0modeliams pagamintiems iki 2020.05<\/p>\n<p>Norint u\u017ed\u0117ti apdailos komplekt\u0105 and PRE LCI modelio, reikia pakeisti priekinius \u017eibitus, centrines vir\u0161utines groteles ir centrini\u0173 groteli\u0173 laikikl\u012f.<\/p>\n<p>Apdailos komplektas skirtas perdaryti, pakeisti paprastus, standartinius, buferius\u00a0\u012f M Sport apdail\u0105<\/p>\n<p><strong>\u0160\u012f komplekt\u0105 sudaro:<\/strong><br \/>\n\u2022 Priekinis buferis<br \/>\n\u2022 Priekinio buferio apatin\u0117s grotel\u0117s, prie\u0161r\u016bkini\u0173 \u017eibint\u0173 grotel\u0117s<br \/>\n\u2022 Galinis buferis<br \/>\n\u2022 Galinio buferio laikikliai<br \/>\n\u2022 Galinio buferio difuzorius<\/p>\n<p><strong>Informacija:<\/strong><br \/>\n\u2022\u00a0Buferiai pagaminti\u00a0i\u0161 PP (Polypropylene) plastmas\u0117s. Geras tinkamumas<\/p>\n<p>Apdailos komplektas neoriginalus<\/p>\n<\/div>\n<\/div>\n<\/div>\n","protected":false},"excerpt":{"rendered":"<p>M Sport apdailos komplektas skirtas Facelift modeliams (be slenks\u010di\u0173) \u00bb Tinka 5 Serijos BMW\u00a0G30 modeliams pagamintiems nuo 2020.05 \u00bb Netinka 5 Serijos BMW G31\u00a0Universalo modeliams \u00bb Netinka 5 Serijos BMW G30\u00a0Pre Facelift\u00a0modeliams pagamintiems iki 2020.05 Norint u\u017ed\u0117ti apdailos komplekt\u0105 and PRE LCI modelio, reikia pakeisti priekinius \u017eibitus, centrines vir\u0161utines groteles ir centrini\u0173 groteli\u0173 laikikl\u012f. Apdailos<\/p>\n<div class=\"klb-readmore button\"><a class=\"btn link\" href=\"https:\/\/b2b.pfellas.lt\/index.php\/product\/lci-m-sport-apdailos-komplektas-bmw-g30-nuo-2020-05-lci-modeliams-be-slenksciu\/\">Read More <i class=\"klbth-icon-right-arrow\"><\/i><\/a><\/div>\n","protected":false},"featured_media":97973,"comment_status":"open","ping_status":"closed","template":"","meta":[],"product_cat":[2961,2954,2932],"product_tag":[],"class_list":{"0":"post-97974","1":"product","2":"type-product","3":"status-publish","4":"has-post-thumbnail","6":"product_cat-5-g30-g31-17","7":"product_cat-bmw","8":"product_cat-bodykit","9":"pa_make-5-g30","10":"pa_make-bmw","12":"first","13":"instock","14":"sale","15":"taxable","16":"shipping-taxable","17":"purchasable","18":"product-type-simple"},"jetpack_sharing_enabled":true,"_links":{"self":[{"href":"https:\/\/b2b.pfellas.lt\/index.php\/wp-json\/wp\/v2\/product\/97974"}],"collection":[{"href":"https:\/\/b2b.pfellas.lt\/index.php\/wp-json\/wp\/v2\/product"}],"about":[{"href":"https:\/\/b2b.pfellas.lt\/index.php\/wp-json\/wp\/v2\/types\/product"}],"replies":[{"embeddable":true,"href":"https:\/\/b2b.pfellas.lt\/index.php\/wp-json\/wp\/v2\/comments?post=97974"}],"wp:featuredmedia":[{"embeddable":true,"href":"https:\/\/b2b.pfellas.lt\/index.php\/wp-json\/wp\/v2\/media\/97973"}],"wp:attachment":[{"href":"https:\/\/b2b.pfellas.lt\/index.php\/wp-json\/wp\/v2\/media?parent=97974"}],"wp:term":[{"taxonomy":"product_cat","embeddable":true,"href":"https:\/\/b2b.pfellas.lt\/index.php\/wp-json\/wp\/v2\/product_cat?post=97974"},{"taxonomy":"product_tag","embeddable":true,"href":"https:\/\/b2b.pfellas.lt\/index.php\/wp-json\/wp\/v2\/product_tag?post=97974"}],"curies":[{"name":"wp","href":"https:\/\/api.w.org\/{rel}","templated":true}]}}