{"id":98028,"date":"2024-07-05T16:56:40","date_gmt":"2024-07-05T14:56:40","guid":{"rendered":"https:\/\/b2b.pfellas.lt\/index.php\/product\/bmw-x6m-isvaizdos-bamperiu-komplektas-bmw-x6-g06-facelift-modeliams-2023\/"},"modified":"2024-09-25T15:38:40","modified_gmt":"2024-09-25T13:38:40","slug":"bmw-x6m-isvaizdos-bamperiu-komplektas-bmw-x6-g06-facelift-modeliams-2023","status":"publish","type":"product","link":"https:\/\/b2b.pfellas.lt\/index.php\/product\/bmw-x6m-isvaizdos-bamperiu-komplektas-bmw-x6-g06-facelift-modeliams-2023\/","title":{"rendered":"BMW X6M i\u0161vaizdos bamperi\u0173 komplektas BMW X6 G06 Facelift modeliams 2023+"},"content":{"rendered":"<p>BMW X6M 2023+ bamperi\u0173 komplektas. Apdailos komplektas pagamintas i\u0161 PP plastmas\u0117s. Tinka modeliams nuo 2023 met\u0173.<\/p>\n<p>Pilnas komplektas.<\/p>\n<p>*Tinka visiems BMW X6 G06 2023+ Facelift modeliams<br \/>\n*Netinka BMW X6 G06 Pre facelift modeliams.<\/p>\n<p>Komplekt\u0105 sudaro:<br \/>\n\u2022 Priekinis pilnas bamperis<\/p>\n<p>\u2022 Slenks\u010diai<\/p>\n<p>\u2022 Galinis pilnas bamperis<\/p>\n","protected":false},"excerpt":{"rendered":"<p>U\u017esakoma pagal poreik\u012f, susisiekime.<\/p>\n","protected":false},"featured_media":98026,"comment_status":"open","ping_status":"closed","template":"","meta":[],"product_cat":[2954,2932,2968],"product_tag":[],"class_list":{"0":"post-98028","1":"product","2":"type-product","3":"status-publish","4":"has-post-thumbnail","6":"product_cat-bmw","7":"product_cat-bodykit","8":"product_cat-x6-g06-20","9":"pa_make-bmw","10":"pa_make-x6-g06","12":"first","13":"instock","14":"taxable","15":"shipping-taxable","16":"purchasable","17":"product-type-simple"},"jetpack_sharing_enabled":true,"_links":{"self":[{"href":"https:\/\/b2b.pfellas.lt\/index.php\/wp-json\/wp\/v2\/product\/98028"}],"collection":[{"href":"https:\/\/b2b.pfellas.lt\/index.php\/wp-json\/wp\/v2\/product"}],"about":[{"href":"https:\/\/b2b.pfellas.lt\/index.php\/wp-json\/wp\/v2\/types\/product"}],"replies":[{"embeddable":true,"href":"https:\/\/b2b.pfellas.lt\/index.php\/wp-json\/wp\/v2\/comments?post=98028"}],"wp:featuredmedia":[{"embeddable":true,"href":"https:\/\/b2b.pfellas.lt\/index.php\/wp-json\/wp\/v2\/media\/98026"}],"wp:attachment":[{"href":"https:\/\/b2b.pfellas.lt\/index.php\/wp-json\/wp\/v2\/media?parent=98028"}],"wp:term":[{"taxonomy":"product_cat","embeddable":true,"href":"https:\/\/b2b.pfellas.lt\/index.php\/wp-json\/wp\/v2\/product_cat?post=98028"},{"taxonomy":"product_tag","embeddable":true,"href":"https:\/\/b2b.pfellas.lt\/index.php\/wp-json\/wp\/v2\/product_tag?post=98028"}],"curies":[{"name":"wp","href":"https:\/\/api.w.org\/{rel}","templated":true}]}}