{"id":98125,"date":"2024-07-05T17:23:18","date_gmt":"2024-07-05T15:23:18","guid":{"rendered":"https:\/\/b2b.pfellas.lt\/index.php\/product\/galinis-difuzorius-performance-competition-bmw-3-g20-juodas-blizgus\/"},"modified":"2024-09-25T15:39:23","modified_gmt":"2024-09-25T13:39:23","slug":"galinis-difuzorius-performance-competition-bmw-3-g20-juodas-blizgus","status":"publish","type":"product","link":"https:\/\/b2b.pfellas.lt\/index.php\/product\/galinis-difuzorius-performance-competition-bmw-3-g20-juodas-blizgus\/","title":{"rendered":"Galinis difuzorius Performance Competition BMW 3 G20 juodas blizgus"},"content":{"rendered":"<ul>\n<li>Performance-Competition Galinio buferio difuzorius<\/li>\n<li>Tinka visiems 3 Serijos BMW G20, G21 modeliams su M Sport galiniu buferiu<\/li>\n<li>Netinka modeliams su paprastu galiniu buferiu\u2022 Juodos\u00a0blizgios\u00a0spalvos<\/li>\n<\/ul>\n","protected":false},"excerpt":{"rendered":"<p>Domina? Para\u0161yk mums d\u0117l pristatymo termin\u0173 ir kainos.<\/p>\n<p>[wpforms id=&#8221;252345&#8243;]<\/p>\n","protected":false},"featured_media":98118,"comment_status":"open","ping_status":"closed","template":"","meta":[],"product_cat":[2987,2954,2621],"product_tag":[],"class_list":{"0":"post-98125","1":"product","2":"type-product","3":"status-publish","4":"has-post-thumbnail","6":"product_cat-3-g20-g21-18","7":"product_cat-bmw","8":"product_cat-galinio-bamperio-difuzoriai","9":"pa_make-3-g20-2","10":"pa_make-bmw","12":"first","13":"instock","14":"taxable","15":"shipping-taxable","16":"purchasable","17":"product-type-simple"},"jetpack_sharing_enabled":true,"_links":{"self":[{"href":"https:\/\/b2b.pfellas.lt\/index.php\/wp-json\/wp\/v2\/product\/98125"}],"collection":[{"href":"https:\/\/b2b.pfellas.lt\/index.php\/wp-json\/wp\/v2\/product"}],"about":[{"href":"https:\/\/b2b.pfellas.lt\/index.php\/wp-json\/wp\/v2\/types\/product"}],"replies":[{"embeddable":true,"href":"https:\/\/b2b.pfellas.lt\/index.php\/wp-json\/wp\/v2\/comments?post=98125"}],"wp:featuredmedia":[{"embeddable":true,"href":"https:\/\/b2b.pfellas.lt\/index.php\/wp-json\/wp\/v2\/media\/98118"}],"wp:attachment":[{"href":"https:\/\/b2b.pfellas.lt\/index.php\/wp-json\/wp\/v2\/media?parent=98125"}],"wp:term":[{"taxonomy":"product_cat","embeddable":true,"href":"https:\/\/b2b.pfellas.lt\/index.php\/wp-json\/wp\/v2\/product_cat?post=98125"},{"taxonomy":"product_tag","embeddable":true,"href":"https:\/\/b2b.pfellas.lt\/index.php\/wp-json\/wp\/v2\/product_tag?post=98125"}],"curies":[{"name":"wp","href":"https:\/\/api.w.org\/{rel}","templated":true}]}}