{"id":98140,"date":"2024-07-05T17:24:49","date_gmt":"2024-07-05T15:24:49","guid":{"rendered":"https:\/\/b2b.pfellas.lt\/index.php\/product\/galinio-bamperio-difuzorius-psm-look-bmw-m3-f80-m4-f82-f83-2014-juodas-blizgus\/"},"modified":"2024-09-25T15:39:30","modified_gmt":"2024-09-25T13:39:30","slug":"galinio-bamperio-difuzorius-psm-look-bmw-m3-f80-m4-f82-f83-2014-juodas-blizgus","status":"publish","type":"product","link":"https:\/\/b2b.pfellas.lt\/index.php\/product\/galinio-bamperio-difuzorius-psm-look-bmw-m3-f80-m4-f82-f83-2014-juodas-blizgus\/","title":{"rendered":"Galinio bamperio difuzorius PSM look BMW M3 F80 M4 F82 F83 2014 &#8211; juodas blizgus"},"content":{"rendered":"<div id=\"description\" class=\"tab-pane in active\">\n<div class=\"product-description\">\n<div class=\"rte-content\">\n<p>Juodas blizgus PSM stiliaus galinio buferio difuzorius su papildomais \u0161onais<\/p>\n<p>*Tinka visiems 3 Serijos BMW M3 F80 modeliams<br \/>\n*Tinka visiems 4 Serijos BMW M4 F82, M4 F83 modeliams<br \/>\n*Netinka 3 Serijos BMW F30, F31 ir 4 Serijos F32, F33, F36 modeliams<br \/>\n*Netinka neoriginaliems, Taivane ar Kinijoje, pagamintiems M3, M4 Stiliaus, i\u0161vaizdos slenks\u010diais<\/p>\n<p>\u2022 Spoileris pagamintas i\u0161 ABS Plastmas\u0117s<br \/>\n\u2022 Nuda\u017eytas Juoda Blizgia spalva<\/p>\n<p>Komplekte kartu su tvirtinimo var\u017etais<\/p>\n<\/div>\n<\/div>\n<\/div>\n","protected":false},"excerpt":{"rendered":"<p>U\u017esakant teiraukit\u0117s d\u0117l pristatymo termino, jeigu prek\u0117s n\u0117ra sand\u0117lyje.<\/p>\n<p>[wpforms id=&#8221;252345&#8243;]<\/p>\n","protected":false},"featured_media":98136,"comment_status":"open","ping_status":"closed","template":"","meta":[],"product_cat":[2954,2621,2981,2979],"product_tag":[],"class_list":{"0":"post-98140","1":"product","2":"type-product","3":"status-publish","4":"has-post-thumbnail","6":"product_cat-bmw","7":"product_cat-galinio-bamperio-difuzoriai","8":"product_cat-m3-f80-14-19","9":"product_cat-m4-f82-14-20","10":"pa_make-bmw","11":"pa_make-m3-f80","12":"pa_make-m4-f82-2","14":"first","15":"instock","16":"sale","17":"taxable","18":"shipping-taxable","19":"purchasable","20":"product-type-simple"},"jetpack_sharing_enabled":true,"_links":{"self":[{"href":"https:\/\/b2b.pfellas.lt\/index.php\/wp-json\/wp\/v2\/product\/98140"}],"collection":[{"href":"https:\/\/b2b.pfellas.lt\/index.php\/wp-json\/wp\/v2\/product"}],"about":[{"href":"https:\/\/b2b.pfellas.lt\/index.php\/wp-json\/wp\/v2\/types\/product"}],"replies":[{"embeddable":true,"href":"https:\/\/b2b.pfellas.lt\/index.php\/wp-json\/wp\/v2\/comments?post=98140"}],"wp:featuredmedia":[{"embeddable":true,"href":"https:\/\/b2b.pfellas.lt\/index.php\/wp-json\/wp\/v2\/media\/98136"}],"wp:attachment":[{"href":"https:\/\/b2b.pfellas.lt\/index.php\/wp-json\/wp\/v2\/media?parent=98140"}],"wp:term":[{"taxonomy":"product_cat","embeddable":true,"href":"https:\/\/b2b.pfellas.lt\/index.php\/wp-json\/wp\/v2\/product_cat?post=98140"},{"taxonomy":"product_tag","embeddable":true,"href":"https:\/\/b2b.pfellas.lt\/index.php\/wp-json\/wp\/v2\/product_tag?post=98140"}],"curies":[{"name":"wp","href":"https:\/\/api.w.org\/{rel}","templated":true}]}}