{"id":98199,"date":"2024-07-05T17:30:03","date_gmt":"2024-07-05T15:30:03","guid":{"rendered":"https:\/\/b2b.pfellas.lt\/index.php\/product\/m5-performance-galinio-buferio-difuzorius-skirtas-bmw-g30-g31-modeliams\/"},"modified":"2024-09-25T15:39:53","modified_gmt":"2024-09-25T13:39:53","slug":"m5-performance-galinio-buferio-difuzorius-skirtas-bmw-g30-g31-modeliams","status":"publish","type":"product","link":"https:\/\/b2b.pfellas.lt\/index.php\/product\/m5-performance-galinio-buferio-difuzorius-skirtas-bmw-g30-g31-modeliams\/","title":{"rendered":"M5 Performance galinio buferio difuzorius skirtas BMW G30, G31 modeliams"},"content":{"rendered":"<p>M5 Performance galinio buferio difuzorius<\/p>\n<p>\u00bb Tinka\u00a0visiems 5 Serijos G30, G31 modeliams su M-Sport galiniu buferiu<\/p>\n<p>\u00bb Tinka visiems 5 Serijos F90 M5 modeliams<\/p>\n<p>&nbsp;<\/p>\n<p>\u00bb Netinka 5 Serijos BMW G30 M550 modeliams<\/p>\n<p>Informacija:<br \/>\n\u2022 Pagamintas i\u0161 Plastmas\u0117s<br \/>\n\u2022\u00a0Difuzorius juodos-blizgios spalvos<\/p>\n","protected":false},"excerpt":{"rendered":"<p>U\u017esakant teiraukit\u0117s d\u0117l pristatymo termino, jeigu prek\u0117s n\u0117ra sand\u0117lyje.<\/p>\n<p>[wpforms id=&#8221;252345&#8243;]<\/p>\n","protected":false},"featured_media":98195,"comment_status":"open","ping_status":"closed","template":"","meta":[],"product_cat":[2961,2954,2621],"product_tag":[],"class_list":{"0":"post-98199","1":"product","2":"type-product","3":"status-publish","4":"has-post-thumbnail","6":"product_cat-5-g30-g31-17","7":"product_cat-bmw","8":"product_cat-galinio-bamperio-difuzoriai","9":"pa_make-5-g30","10":"pa_make-bmw","12":"first","13":"instock","14":"taxable","15":"shipping-taxable","16":"purchasable","17":"product-type-simple"},"jetpack_sharing_enabled":true,"_links":{"self":[{"href":"https:\/\/b2b.pfellas.lt\/index.php\/wp-json\/wp\/v2\/product\/98199"}],"collection":[{"href":"https:\/\/b2b.pfellas.lt\/index.php\/wp-json\/wp\/v2\/product"}],"about":[{"href":"https:\/\/b2b.pfellas.lt\/index.php\/wp-json\/wp\/v2\/types\/product"}],"replies":[{"embeddable":true,"href":"https:\/\/b2b.pfellas.lt\/index.php\/wp-json\/wp\/v2\/comments?post=98199"}],"wp:featuredmedia":[{"embeddable":true,"href":"https:\/\/b2b.pfellas.lt\/index.php\/wp-json\/wp\/v2\/media\/98195"}],"wp:attachment":[{"href":"https:\/\/b2b.pfellas.lt\/index.php\/wp-json\/wp\/v2\/media?parent=98199"}],"wp:term":[{"taxonomy":"product_cat","embeddable":true,"href":"https:\/\/b2b.pfellas.lt\/index.php\/wp-json\/wp\/v2\/product_cat?post=98199"},{"taxonomy":"product_tag","embeddable":true,"href":"https:\/\/b2b.pfellas.lt\/index.php\/wp-json\/wp\/v2\/product_tag?post=98199"}],"curies":[{"name":"wp","href":"https:\/\/api.w.org\/{rel}","templated":true}]}}