{"id":98225,"date":"2024-07-05T17:31:33","date_gmt":"2024-07-05T15:31:33","guid":{"rendered":"https:\/\/b2b.pfellas.lt\/index.php\/product\/m5-cs-stiliaus-juodas-blizgus-galinio-buferio-difuzorius-skirtas-bmw-g30-g31-f90-m5-su-tracklight\/"},"modified":"2024-09-25T15:40:07","modified_gmt":"2024-09-25T13:40:07","slug":"m5-cs-stiliaus-juodas-blizgus-galinio-buferio-difuzorius-skirtas-bmw-g30-g31-f90-m5-su-tracklight","status":"publish","type":"product","link":"https:\/\/b2b.pfellas.lt\/index.php\/product\/m5-cs-stiliaus-juodas-blizgus-galinio-buferio-difuzorius-skirtas-bmw-g30-g31-f90-m5-su-tracklight\/","title":{"rendered":"M5 CS Stiliaus Juodas Blizgus Galinio buferio difuzorius skirtas BMW G30, G31, F90 M5 (su tracklight)"},"content":{"rendered":"<p>M5 CS Stiliaus galinio buferio difuzorius su tracklight (LED)<\/p>\n<p>\u00bb Tinka\u00a0visiems 5 Serijos G30, G31 modeliams su M-Sport galiniu buferiu<br \/>\n\u00bb Tinka visiems 5 Serijos F90 M5 modeliams<\/p>\n<p>\u00bb Netinka 5 Serijos BMW G30 M550ix modeliams<\/p>\n<p>Informacija:<br \/>\n\u2022 Pagamintas i\u0161 Plastmas\u0117s<br \/>\n\u2022\u00a0Difuzorius juodos-blizgios spalvos<\/p>\n","protected":false},"excerpt":{"rendered":"<p>U\u017esakant teiraukit\u0117s d\u0117l pristatymo termino, jeigu prek\u0117s n\u0117ra sand\u0117lyje.<\/p>\n<p>[wpforms id=&#8221;252345&#8243;]<\/p>\n","protected":false},"featured_media":98224,"comment_status":"open","ping_status":"closed","template":"","meta":[],"product_cat":[2961,2954,2621],"product_tag":[],"class_list":{"0":"post-98225","1":"product","2":"type-product","3":"status-publish","4":"has-post-thumbnail","6":"product_cat-5-g30-g31-17","7":"product_cat-bmw","8":"product_cat-galinio-bamperio-difuzoriai","9":"pa_make-5-g30","10":"pa_make-bmw","11":"pa_make-m5-f90","13":"first","14":"instock","15":"sale","16":"taxable","17":"shipping-taxable","18":"purchasable","19":"product-type-simple"},"jetpack_sharing_enabled":true,"_links":{"self":[{"href":"https:\/\/b2b.pfellas.lt\/index.php\/wp-json\/wp\/v2\/product\/98225"}],"collection":[{"href":"https:\/\/b2b.pfellas.lt\/index.php\/wp-json\/wp\/v2\/product"}],"about":[{"href":"https:\/\/b2b.pfellas.lt\/index.php\/wp-json\/wp\/v2\/types\/product"}],"replies":[{"embeddable":true,"href":"https:\/\/b2b.pfellas.lt\/index.php\/wp-json\/wp\/v2\/comments?post=98225"}],"wp:featuredmedia":[{"embeddable":true,"href":"https:\/\/b2b.pfellas.lt\/index.php\/wp-json\/wp\/v2\/media\/98224"}],"wp:attachment":[{"href":"https:\/\/b2b.pfellas.lt\/index.php\/wp-json\/wp\/v2\/media?parent=98225"}],"wp:term":[{"taxonomy":"product_cat","embeddable":true,"href":"https:\/\/b2b.pfellas.lt\/index.php\/wp-json\/wp\/v2\/product_cat?post=98225"},{"taxonomy":"product_tag","embeddable":true,"href":"https:\/\/b2b.pfellas.lt\/index.php\/wp-json\/wp\/v2\/product_tag?post=98225"}],"curies":[{"name":"wp","href":"https:\/\/api.w.org\/{rel}","templated":true}]}}