{"id":98230,"date":"2024-07-05T17:31:45","date_gmt":"2024-07-05T15:31:45","guid":{"rendered":"https:\/\/b2b.pfellas.lt\/index.php\/product\/galinio-bamperio-difuzorius-m6-look-bmw-6-f06-f12-f13-juodas-blizgus\/"},"modified":"2024-09-25T15:40:11","modified_gmt":"2024-09-25T13:40:11","slug":"galinio-bamperio-difuzorius-m6-look-bmw-6-f06-f12-f13-juodas-blizgus","status":"publish","type":"product","link":"https:\/\/b2b.pfellas.lt\/index.php\/product\/galinio-bamperio-difuzorius-m6-look-bmw-6-f06-f12-f13-juodas-blizgus\/","title":{"rendered":"Galinio bamperio difuzorius M6 look BMW 6 F06\/F12\/F13 juodas blizgus"},"content":{"rendered":"<ul>\n<li>Tinka visiems\u00a0 6 Serijos BMW F06\/F12\/F13 modeliams su M Sport galiniu buferiu<\/li>\n<li>Netinka modeliams su Smart Open \/ Comfort access baga\u017ein\u0117s funkcija. Norint u\u017ed\u0117ti \u0161\u012f difuzori\u0173 reikia perkelti blokelius ir nupjauti galinio buferio laikikl\u012f.<\/li>\n<\/ul>\n<p>&nbsp;<\/p>\n<p>Juodas blizgus M6 Performance look galinio buferio difuzorius<\/p>\n","protected":false},"excerpt":{"rendered":"<p>Tinka visiems\u00a0 6 Serijos BMW F06\/F12\/F13 modeliams su M Sport galiniu buferiu Netinka modeliams su Smart Open \/ Comfort access baga\u017ein\u0117s funkcija. Norint u\u017ed\u0117ti \u0161\u012f difuzori\u0173 reikia perkelti blokelius ir nupjauti galinio buferio laikikl\u012f. &nbsp; Juodas blizgus M6 Performance look galinio buferio difuzorius<\/p>\n","protected":false},"featured_media":98229,"comment_status":"open","ping_status":"closed","template":"","meta":[],"product_cat":[2984,2954,2621],"product_tag":[],"class_list":{"0":"post-98230","1":"product","2":"type-product","3":"status-publish","4":"has-post-thumbnail","6":"product_cat-6-f06-f12-f13-11-18","7":"product_cat-bmw","8":"product_cat-galinio-bamperio-difuzoriai","9":"pa_make-6-f06","10":"pa_make-bmw","12":"first","13":"instock","14":"sale","15":"taxable","16":"shipping-taxable","17":"purchasable","18":"product-type-simple"},"jetpack_sharing_enabled":true,"_links":{"self":[{"href":"https:\/\/b2b.pfellas.lt\/index.php\/wp-json\/wp\/v2\/product\/98230"}],"collection":[{"href":"https:\/\/b2b.pfellas.lt\/index.php\/wp-json\/wp\/v2\/product"}],"about":[{"href":"https:\/\/b2b.pfellas.lt\/index.php\/wp-json\/wp\/v2\/types\/product"}],"replies":[{"embeddable":true,"href":"https:\/\/b2b.pfellas.lt\/index.php\/wp-json\/wp\/v2\/comments?post=98230"}],"wp:featuredmedia":[{"embeddable":true,"href":"https:\/\/b2b.pfellas.lt\/index.php\/wp-json\/wp\/v2\/media\/98229"}],"wp:attachment":[{"href":"https:\/\/b2b.pfellas.lt\/index.php\/wp-json\/wp\/v2\/media?parent=98230"}],"wp:term":[{"taxonomy":"product_cat","embeddable":true,"href":"https:\/\/b2b.pfellas.lt\/index.php\/wp-json\/wp\/v2\/product_cat?post=98230"},{"taxonomy":"product_tag","embeddable":true,"href":"https:\/\/b2b.pfellas.lt\/index.php\/wp-json\/wp\/v2\/product_tag?post=98230"}],"curies":[{"name":"wp","href":"https:\/\/api.w.org\/{rel}","templated":true}]}}