{"id":98364,"date":"2024-07-09T15:51:06","date_gmt":"2024-07-09T13:51:06","guid":{"rendered":"https:\/\/b2b.pfellas.lt\/index.php\/product\/poslenksciai-performance-bmw-g30-g31-17-juodi-blizgus\/"},"modified":"2024-09-25T15:40:42","modified_gmt":"2024-09-25T13:40:42","slug":"poslenksciai-performance-bmw-g30-g31-17-juodi-blizgus","status":"publish","type":"product","link":"https:\/\/b2b.pfellas.lt\/index.php\/product\/poslenksciai-performance-bmw-g30-g31-17-juodi-blizgus\/","title":{"rendered":"Poslenks\u010diai performance BMW G30\/G31 17- juodi blizg\u016bs"},"content":{"rendered":"<ul>\n<li>Tinka visiems 5 Serijos BMW G30, G31 modeliams su M Sport slenks\u010diais. Tinka F90 M5 modeliams<\/li>\n<li>Netinka paprastiems slenks\u010diams<\/li>\n<\/ul>\n<p>&nbsp;<\/p>\n<p>Performance slenks\u010di\u0173 apdailos<\/p>\n","protected":false},"excerpt":{"rendered":"<p>Tinka visiems 5 Serijos BMW G30, G31 modeliams su M Sport slenks\u010diais. Tinka F90 M5 modeliams Netinka paprastiems slenks\u010diams &nbsp; Performance slenks\u010di\u0173 apdailos<\/p>\n","protected":false},"featured_media":98359,"comment_status":"open","ping_status":"closed","template":"","meta":[],"product_cat":[2961,2954,2619],"product_tag":[],"class_list":{"0":"post-98364","1":"product","2":"type-product","3":"status-publish","4":"has-post-thumbnail","6":"product_cat-5-g30-g31-17","7":"product_cat-bmw","8":"product_cat-slenksciu-apdailos","9":"pa_make-5-g30","10":"pa_make-bmw","12":"first","13":"instock","14":"taxable","15":"shipping-taxable","16":"purchasable","17":"product-type-simple"},"jetpack_sharing_enabled":true,"_links":{"self":[{"href":"https:\/\/b2b.pfellas.lt\/index.php\/wp-json\/wp\/v2\/product\/98364"}],"collection":[{"href":"https:\/\/b2b.pfellas.lt\/index.php\/wp-json\/wp\/v2\/product"}],"about":[{"href":"https:\/\/b2b.pfellas.lt\/index.php\/wp-json\/wp\/v2\/types\/product"}],"replies":[{"embeddable":true,"href":"https:\/\/b2b.pfellas.lt\/index.php\/wp-json\/wp\/v2\/comments?post=98364"}],"wp:featuredmedia":[{"embeddable":true,"href":"https:\/\/b2b.pfellas.lt\/index.php\/wp-json\/wp\/v2\/media\/98359"}],"wp:attachment":[{"href":"https:\/\/b2b.pfellas.lt\/index.php\/wp-json\/wp\/v2\/media?parent=98364"}],"wp:term":[{"taxonomy":"product_cat","embeddable":true,"href":"https:\/\/b2b.pfellas.lt\/index.php\/wp-json\/wp\/v2\/product_cat?post=98364"},{"taxonomy":"product_tag","embeddable":true,"href":"https:\/\/b2b.pfellas.lt\/index.php\/wp-json\/wp\/v2\/product_tag?post=98364"}],"curies":[{"name":"wp","href":"https:\/\/api.w.org\/{rel}","templated":true}]}}