{"id":98469,"date":"2024-07-11T12:28:44","date_gmt":"2024-07-11T10:28:44","guid":{"rendered":"https:\/\/b2b.pfellas.lt\/index.php\/product\/aero-papildomu-apdailu-paketas-bmw-x5-g05-18\/"},"modified":"2024-09-25T15:41:09","modified_gmt":"2024-09-25T13:41:09","slug":"aero-papildomu-apdailu-paketas-bmw-x5-g05-18","status":"publish","type":"product","link":"https:\/\/b2b.pfellas.lt\/index.php\/product\/aero-papildomu-apdailu-paketas-bmw-x5-g05-18\/","title":{"rendered":"AERO papildom\u0173 apdail\u0173 paketas BMW X5 G05 18-"},"content":{"rendered":"<p>Tinka BMW X5 G05 modeliui .<\/p>\n<p>Priekin\u0117s ir galin\u0117s apdailos tinka tik su M Paketo bamperiais.<\/p>\n<p>Komplekta sudaro:<\/p>\n<p>Priekin\u0117 apdaila<\/p>\n<p>Slenks\u010di\u0173 apdaila<\/p>\n<p>Galinio bamperio apdaila<\/p>\n<p>Spoileris<\/p>\n<p>Spoileris vir\u0161 galinio dang\u010dio<\/p>\n<p>Nuda\u017eytos juodai blizgiai.<\/p>\n<p>Pagaminti i\u0161 Abs ir PP plastmasi\u0173.<\/p>\n","protected":false},"excerpt":{"rendered":"<p>Tinka BMW X5 G05 modeliui . Priekin\u0117s ir galin\u0117s apdailos tinka tik su M Paketo bamperiais. Komplekta sudaro: Priekin\u0117 apdaila Slenks\u010di\u0173 apdaila Galinio bamperio apdaila Spoileris Spoileris vir\u0161 galinio dang\u010dio Nuda\u017eytos juodai blizgiai. Pagaminti i\u0161 Abs ir PP plastmasi\u0173.<\/p>\n","protected":false},"featured_media":98466,"comment_status":"open","ping_status":"closed","template":"","meta":[],"product_cat":[2927,2954,2965],"product_tag":[],"class_list":{"0":"post-98469","1":"product","2":"type-product","3":"status-publish","4":"has-post-thumbnail","6":"product_cat-apdailu-komplektas","7":"product_cat-bmw","8":"product_cat-x5-g05-19","9":"pa_make-bmw","10":"pa_make-x5-g05","12":"first","13":"instock","14":"sale","15":"taxable","16":"shipping-taxable","17":"purchasable","18":"product-type-simple"},"jetpack_sharing_enabled":true,"_links":{"self":[{"href":"https:\/\/b2b.pfellas.lt\/index.php\/wp-json\/wp\/v2\/product\/98469"}],"collection":[{"href":"https:\/\/b2b.pfellas.lt\/index.php\/wp-json\/wp\/v2\/product"}],"about":[{"href":"https:\/\/b2b.pfellas.lt\/index.php\/wp-json\/wp\/v2\/types\/product"}],"replies":[{"embeddable":true,"href":"https:\/\/b2b.pfellas.lt\/index.php\/wp-json\/wp\/v2\/comments?post=98469"}],"wp:featuredmedia":[{"embeddable":true,"href":"https:\/\/b2b.pfellas.lt\/index.php\/wp-json\/wp\/v2\/media\/98466"}],"wp:attachment":[{"href":"https:\/\/b2b.pfellas.lt\/index.php\/wp-json\/wp\/v2\/media?parent=98469"}],"wp:term":[{"taxonomy":"product_cat","embeddable":true,"href":"https:\/\/b2b.pfellas.lt\/index.php\/wp-json\/wp\/v2\/product_cat?post=98469"},{"taxonomy":"product_tag","embeddable":true,"href":"https:\/\/b2b.pfellas.lt\/index.php\/wp-json\/wp\/v2\/product_tag?post=98469"}],"curies":[{"name":"wp","href":"https:\/\/api.w.org\/{rel}","templated":true}]}}