{"id":98485,"date":"2024-07-11T12:29:15","date_gmt":"2024-07-11T10:29:15","guid":{"rendered":"https:\/\/b2b.pfellas.lt\/index.php\/product\/performance-papildomu-apdailu-komplektas-bmw-x6-f16-m-sport-modeliams-juodas-blizgus\/"},"modified":"2024-09-25T15:41:17","modified_gmt":"2024-09-25T13:41:17","slug":"performance-papildomu-apdailu-komplektas-bmw-x6-f16-m-sport-modeliams-juodas-blizgus","status":"publish","type":"product","link":"https:\/\/b2b.pfellas.lt\/index.php\/product\/performance-papildomu-apdailu-komplektas-bmw-x6-f16-m-sport-modeliams-juodas-blizgus\/","title":{"rendered":"Performance papildom\u0173 apdail\u0173 komplektas BMW X6 F16 M Sport modeliams Juodas blizgus"},"content":{"rendered":"<ul>\n<li>Performance spoileri\u0173 komplektas<\/li>\n<li>Tinka visiems X6 Serijos F16 modeliams su M Sport buferiais<\/li>\n<li>Netinka BMW X5 F15 modeliams<\/li>\n<li>Netinka BMW X6 F16 su paprastais buferiais<strong>Apdailos komplekt\u0105 sudaro:<\/strong><br \/>\n\u2022 Priekinio buferio spoileris<br \/>\n\u2022 Galinio buferio difuzorius ir kampa<br \/>\n\u2022 Apdailos po slenks\u010diais<br \/>\n\u2022 Galinis baga\u017ein\u0117s spoilerisSpoileriai nuda\u017eyti juoda blizgia spalva<\/li>\n<\/ul>\n","protected":false},"excerpt":{"rendered":"<p>Performance spoileri\u0173 komplektas Tinka visiems X6 Serijos F16 modeliams su M Sport buferiais Netinka BMW X5 F15 modeliams Netinka BMW X6 F16 su paprastais buferiaisApdailos komplekt\u0105 sudaro: \u2022 Priekinio buferio spoileris \u2022 Galinio buferio difuzorius ir kampa \u2022 Apdailos po slenks\u010diais \u2022 Galinis baga\u017ein\u0117s spoilerisSpoileriai nuda\u017eyti juoda blizgia spalva<\/p>\n","protected":false},"featured_media":98482,"comment_status":"open","ping_status":"closed","template":"","meta":[],"product_cat":[2927,2954,2969],"product_tag":[],"class_list":{"0":"post-98485","1":"product","2":"type-product","3":"status-publish","4":"has-post-thumbnail","6":"product_cat-apdailu-komplektas","7":"product_cat-bmw","8":"product_cat-x6-f16-15-19","9":"pa_make-bmw","10":"pa_make-x6-f16","12":"first","13":"instock","14":"taxable","15":"shipping-taxable","16":"purchasable","17":"product-type-simple"},"jetpack_sharing_enabled":true,"_links":{"self":[{"href":"https:\/\/b2b.pfellas.lt\/index.php\/wp-json\/wp\/v2\/product\/98485"}],"collection":[{"href":"https:\/\/b2b.pfellas.lt\/index.php\/wp-json\/wp\/v2\/product"}],"about":[{"href":"https:\/\/b2b.pfellas.lt\/index.php\/wp-json\/wp\/v2\/types\/product"}],"replies":[{"embeddable":true,"href":"https:\/\/b2b.pfellas.lt\/index.php\/wp-json\/wp\/v2\/comments?post=98485"}],"wp:featuredmedia":[{"embeddable":true,"href":"https:\/\/b2b.pfellas.lt\/index.php\/wp-json\/wp\/v2\/media\/98482"}],"wp:attachment":[{"href":"https:\/\/b2b.pfellas.lt\/index.php\/wp-json\/wp\/v2\/media?parent=98485"}],"wp:term":[{"taxonomy":"product_cat","embeddable":true,"href":"https:\/\/b2b.pfellas.lt\/index.php\/wp-json\/wp\/v2\/product_cat?post=98485"},{"taxonomy":"product_tag","embeddable":true,"href":"https:\/\/b2b.pfellas.lt\/index.php\/wp-json\/wp\/v2\/product_tag?post=98485"}],"curies":[{"name":"wp","href":"https:\/\/api.w.org\/{rel}","templated":true}]}}