{"id":98789,"date":"2024-09-25T15:56:37","date_gmt":"2024-09-25T13:56:37","guid":{"rendered":"https:\/\/b2b.pfellas.lt\/index.php\/product\/knight-apdailos-komplektas-su-slenksciais-bmw-x5-g05-m-sport-modeliams-juodas-blizgus\/"},"modified":"2024-09-25T16:51:25","modified_gmt":"2024-09-25T14:51:25","slug":"knight-apdailos-komplektas-su-slenksciais-bmw-x5-g05-m-sport-modeliams-juodas-blizgus","status":"publish","type":"product","link":"https:\/\/b2b.pfellas.lt\/index.php\/product\/knight-apdailos-komplektas-su-slenksciais-bmw-x5-g05-m-sport-modeliams-juodas-blizgus\/","title":{"rendered":"Knight apdailos komplektas su slenks\u010diais BMW X5 G05 M Sport modeliams juodas blizgus"},"content":{"rendered":"<div id=\"description\" class=\"tab-pane in active\">\n<div class=\"product-description\">\n<div class=\"rte-content\">\n<p><span style=\"font-family: arial, helvetica, sans-serif; font-size: 12pt;\">Juodas blizgus Black Knight apdailos komplektas su ilgais slenks\u010diais<\/span><\/p>\n<p><span style=\"font-size: 12pt;\"><strong><span style=\"font-family: arial, helvetica, sans-serif;\">Komplekt\u0105 sudaro:<\/span><\/strong><\/span><\/p>\n<p><span style=\"font-family: arial, helvetica, sans-serif; font-size: 12pt;\">\u2022 Priekinio buferio spoileris (4-i\u0173 dali\u0173)<\/span><\/p>\n<p><span style=\"font-family: arial, helvetica, sans-serif; font-size: 12pt;\">\u2022 Slenks\u010di\u0173 apdailos (per vis\u0105 automobilio ilg\u012f, 2-\u0173 dali\u0173)<\/span><\/p>\n<p><span style=\"font-family: arial, helvetica, sans-serif; font-size: 12pt;\">\u2022 Galinis difuzorius su kampais<\/span><\/p>\n<p><span style=\"font-family: arial, helvetica, sans-serif; font-size: 12pt;\">\u2022 Spoileris ant galinio dang\u010dio vir\u0161aus ir vidurio<br \/>\n<span style=\"font-family: arial, helvetica, sans-serif;\"><br \/>\n+ Perkantiems komplekt\u0105 dovan\u0173 prid\u0117sime juodus blizgius M Stiliaus veidrod\u0117li\u0173 dangtelius!<\/span><br \/>\n<\/span><\/p>\n<p><span style=\"font-family: arial, helvetica, sans-serif; font-size: 12pt;\">Tinka BMW X5 G05 modeliams su M Sport buferiais<\/span><\/p>\n<p><span style=\"font-family: arial, helvetica, sans-serif; font-size: 12pt;\">Netinka BMW X5 G05 su paprastais buferiais<\/span><\/p>\n<p><span style=\"font-family: arial, helvetica, sans-serif; font-size: 12pt;\">Netinka BMW X5M F95 modeliams<\/span><\/p>\n<p><span style=\"font-family: arial, helvetica, sans-serif; font-size: 12pt;\">Netinka BMW X6 F16, X6M F86, X6M F95modeliams<\/span><\/p>\n<p><span style=\"font-family: arial, helvetica, sans-serif; font-size: 12pt;\">\u2022 Apdailos pagamintos i\u0161 plastmas\u0117s<\/span><\/p>\n<p><span style=\"font-family: arial, helvetica, sans-serif; font-size: 12pt;\">\u2022 Nuda\u017eytos juoda blizgia spalva<\/span><\/p>\n<p>Apdailos komplektas neoriginalus<\/p>\n<\/div>\n<\/div>\n<\/div>\n","protected":false},"excerpt":{"rendered":"<p>Juodas blizgus Black Knight apdailos komplektas su ilgais slenks\u010diais Komplekt\u0105 sudaro: \u2022 Priekinio buferio spoileris (4-i\u0173 dali\u0173) \u2022 Slenks\u010di\u0173 apdailos (per vis\u0105 automobilio ilg\u012f, 2-\u0173 dali\u0173) \u2022 Galinis difuzorius su kampais \u2022 Spoileris ant galinio dang\u010dio vir\u0161aus ir vidurio + Perkantiems komplekt\u0105 dovan\u0173 prid\u0117sime juodus blizgius M Stiliaus veidrod\u0117li\u0173 dangtelius! Tinka BMW X5 G05 modeliams<\/p>\n<div class=\"klb-readmore button\"><a class=\"btn link\" href=\"https:\/\/b2b.pfellas.lt\/index.php\/product\/knight-apdailos-komplektas-su-slenksciais-bmw-x5-g05-m-sport-modeliams-juodas-blizgus\/\">Read More <i class=\"klbth-icon-right-arrow\"><\/i><\/a><\/div>\n","protected":false},"featured_media":98788,"comment_status":"open","ping_status":"closed","template":"","meta":[],"product_cat":[2927,2954,2965],"product_tag":[],"class_list":{"0":"post-98789","1":"product","2":"type-product","3":"status-publish","4":"has-post-thumbnail","6":"product_cat-apdailu-komplektas","7":"product_cat-bmw","8":"product_cat-x5-g05-19","9":"pa_make-bmw","10":"pa_make-x5-g05","12":"first","13":"instock","14":"taxable","15":"shipping-taxable","16":"purchasable","17":"product-type-simple"},"jetpack_sharing_enabled":true,"_links":{"self":[{"href":"https:\/\/b2b.pfellas.lt\/index.php\/wp-json\/wp\/v2\/product\/98789"}],"collection":[{"href":"https:\/\/b2b.pfellas.lt\/index.php\/wp-json\/wp\/v2\/product"}],"about":[{"href":"https:\/\/b2b.pfellas.lt\/index.php\/wp-json\/wp\/v2\/types\/product"}],"replies":[{"embeddable":true,"href":"https:\/\/b2b.pfellas.lt\/index.php\/wp-json\/wp\/v2\/comments?post=98789"}],"wp:featuredmedia":[{"embeddable":true,"href":"https:\/\/b2b.pfellas.lt\/index.php\/wp-json\/wp\/v2\/media\/98788"}],"wp:attachment":[{"href":"https:\/\/b2b.pfellas.lt\/index.php\/wp-json\/wp\/v2\/media?parent=98789"}],"wp:term":[{"taxonomy":"product_cat","embeddable":true,"href":"https:\/\/b2b.pfellas.lt\/index.php\/wp-json\/wp\/v2\/product_cat?post=98789"},{"taxonomy":"product_tag","embeddable":true,"href":"https:\/\/b2b.pfellas.lt\/index.php\/wp-json\/wp\/v2\/product_tag?post=98789"}],"curies":[{"name":"wp","href":"https:\/\/api.w.org\/{rel}","templated":true}]}}